{"id":116,"date":"2020-09-15T14:09:32","date_gmt":"2020-09-15T12:09:32","guid":{"rendered":"https:\/\/zsms.zabrze.pl\/?page_id=116"},"modified":"2020-09-15T14:09:32","modified_gmt":"2020-09-15T12:09:32","slug":"sport-i-turystyka","status":"publish","type":"page","link":"https:\/\/zsms.zabrze.pl\/?page_id=116","title":{"rendered":"Sport i turystyka"},"content":{"rendered":"<p style=\"text-align: justify;\">Zapewniamy wszechstronny rozw\u00f3j naszych uczni\u00f3w. Tak\u017ce rozw\u00f3j fizyczny przez r\u00f3\u017cne formy zaj\u0119\u0107 sportowych.<\/p>\n<p style=\"text-align: justify;\">Zaj\u0119cia odbywaj\u0105 si\u0119 na:<\/p>\n<ul style=\"text-align: justify;\">\n<li>si\u0142owni szkolnej,<\/li>\n<li>sali gimnastycznej,<\/li>\n<li>boiskach szkolnych<\/li>\n<\/ul>\n<p style=\"text-align: justify;\">Cz\u0119sto organizujemy wycieczki szkolne na basen lub na narty czy sanki.<\/p>\n<p style=\"text-align: justify;\">Nasi uczniowie z sukcesami reperezentuj\u0105 szko\u0142\u0119 na zawodach sportowych, zar\u00f3wno w dyscyplinach zespo\u0142owych jak i indywidualnych.<\/p>\n<p style=\"text-align: justify;\">Niekt\u00f3rzy uczniowie s\u0105 reprezentanami klub\u00f3w sportowych, a najbardziej popularnymi dyscyplinami s\u0105: pi\u0142ka no\u017cna, boks oraz tenis sto\u0142owy.<\/p>\n<p style=\"text-align: justify;\">Od grudnia 2011 roku szko\u0142a dysponuje kompleksem boisk sportowych Orlik, kt\u00f3re s\u0105 doskona\u0142\u0105 baz\u0105 do prowadzenia zaj\u0119\u0107 z m\u0142odzie\u017c\u0105.<\/p>\n<p style=\"text-align: justify;\">W szkole od wielu lat dzia\u0142a szkolne ko\u0142o turystyczne, kt\u00f3rego opiekunem jest do\u015bwiadczony turysta, przewodnik beskidzki i miejski, przodownik turystyki g\u00f3rskiej Pani mgr Ilona Otrz\u0105sek.<\/p>\n<p style=\"text-align: justify;\">Od 2009 roku &nbsp;w szkole dzia\u0142a r\u00f3wnie\u017c Szkolne Ko\u0142o Turystyki Rowerowej.<\/p>\n","protected":false},"excerpt":{"rendered":"<p>Zapewniamy wszechstronny rozw\u00f3j naszych uczni\u00f3w. Tak\u017ce rozw\u00f3j fizyczny przez r\u00f3\u017cne formy zaj\u0119\u0107 sportowych. Zaj\u0119cia odbywaj\u0105 si\u0119 na: si\u0142owni szkolnej, sali<\/p>\n","protected":false},"author":3,"featured_media":0,"parent":0,"menu_order":0,"comment_status":"closed","ping_status":"closed","template":"","meta":{"colormag_page_container_layout":"default_layout","colormag_page_sidebar_layout":"default_layout","footnotes":""},"class_list":["post-116","page","type-page","status-publish","hentry"],"yoast_head":"<!-- This site is optimized with the Yoast SEO plugin v27.2 - https:\/\/yoast.com\/product\/yoast-seo-wordpress\/ -->\n<title>Sport i turystyka - Zesp\u00f3\u0142 Szk\u00f3\u0142 Mechaniczno-Samochodowych w Zabrzu<\/title>\n<meta name=\"robots\" content=\"index, follow, max-snippet:-1, max-image-preview:large, max-video-preview:-1\" \/>\n<link rel=\"canonical\" href=\"https:\/\/zsms.zabrze.pl\/?page_id=116\" \/>\n<meta property=\"og:locale\" content=\"pl_PL\" \/>\n<meta property=\"og:type\" content=\"article\" \/>\n<meta property=\"og:title\" content=\"Sport i turystyka - Zesp\u00f3\u0142 Szk\u00f3\u0142 Mechaniczno-Samochodowych w Zabrzu\" \/>\n<meta property=\"og:description\" content=\"Zapewniamy wszechstronny rozw\u00f3j naszych uczni\u00f3w. Tak\u017ce rozw\u00f3j fizyczny przez r\u00f3\u017cne formy zaj\u0119\u0107 sportowych. Zaj\u0119cia odbywaj\u0105 si\u0119 na: si\u0142owni szkolnej, sali\" \/>\n<meta property=\"og:url\" content=\"https:\/\/zsms.zabrze.pl\/?page_id=116\" \/>\n<meta property=\"og:site_name\" content=\"Zesp\u00f3\u0142 Szk\u00f3\u0142 Mechaniczno-Samochodowych w Zabrzu\" \/>\n<meta property=\"article:publisher\" content=\"https:\/\/www.facebook.com\/zsmszabrze\/\" \/>\n<meta name=\"twitter:card\" content=\"summary_large_image\" \/>\n<meta name=\"twitter:label1\" content=\"Szacowany czas czytania\" \/>\n\t<meta name=\"twitter:data1\" content=\"1 minuta\" \/>\n<!-- \/ Yoast SEO plugin. -->","yoast_head_json":{"title":"Sport i turystyka - Zesp\u00f3\u0142 Szk\u00f3\u0142 Mechaniczno-Samochodowych w Zabrzu","robots":{"index":"index","follow":"follow","max-snippet":"max-snippet:-1","max-image-preview":"max-image-preview:large","max-video-preview":"max-video-preview:-1"},"canonical":"https:\/\/zsms.zabrze.pl\/?page_id=116","og_locale":"pl_PL","og_type":"article","og_title":"Sport i turystyka - Zesp\u00f3\u0142 Szk\u00f3\u0142 Mechaniczno-Samochodowych w Zabrzu","og_description":"Zapewniamy wszechstronny rozw\u00f3j naszych uczni\u00f3w. Tak\u017ce rozw\u00f3j fizyczny przez r\u00f3\u017cne formy zaj\u0119\u0107 sportowych. Zaj\u0119cia odbywaj\u0105 si\u0119 na: si\u0142owni szkolnej, sali","og_url":"https:\/\/zsms.zabrze.pl\/?page_id=116","og_site_name":"Zesp\u00f3\u0142 Szk\u00f3\u0142 Mechaniczno-Samochodowych w Zabrzu","article_publisher":"https:\/\/www.facebook.com\/zsmszabrze\/","twitter_card":"summary_large_image","twitter_misc":{"Szacowany czas czytania":"1 minuta"},"schema":{"@context":"https:\/\/schema.org","@graph":[{"@type":"WebPage","@id":"https:\/\/zsms.zabrze.pl\/?page_id=116","url":"https:\/\/zsms.zabrze.pl\/?page_id=116","name":"Sport i turystyka - Zesp\u00f3\u0142 Szk\u00f3\u0142 Mechaniczno-Samochodowych w Zabrzu","isPartOf":{"@id":"https:\/\/zsms.zabrze.pl\/#website"},"datePublished":"2020-09-15T12:09:32+00:00","breadcrumb":{"@id":"https:\/\/zsms.zabrze.pl\/?page_id=116#breadcrumb"},"inLanguage":"pl-PL","potentialAction":[{"@type":"ReadAction","target":["https:\/\/zsms.zabrze.pl\/?page_id=116"]}]},{"@type":"BreadcrumbList","@id":"https:\/\/zsms.zabrze.pl\/?page_id=116#breadcrumb","itemListElement":[{"@type":"ListItem","position":1,"name":"Strona g\u0142\u00f3wna","item":"https:\/\/zsms.zabrze.pl\/"},{"@type":"ListItem","position":2,"name":"Sport i turystyka"}]},{"@type":"WebSite","@id":"https:\/\/zsms.zabrze.pl\/#website","url":"https:\/\/zsms.zabrze.pl\/","name":"Zesp\u00f3\u0142 Szk\u00f3\u0142 Mechaniczno-Samochodowych w Zabrzu","description":"","publisher":{"@id":"https:\/\/zsms.zabrze.pl\/#organization"},"potentialAction":[{"@type":"SearchAction","target":{"@type":"EntryPoint","urlTemplate":"https:\/\/zsms.zabrze.pl\/?s={search_term_string}"},"query-input":{"@type":"PropertyValueSpecification","valueRequired":true,"valueName":"search_term_string"}}],"inLanguage":"pl-PL"},{"@type":"Organization","@id":"https:\/\/zsms.zabrze.pl\/#organization","name":"Zesp\u00f3\u0142 Szk\u00f3\u0142 Mechaniczno-Samochodowych w Zabrzu","url":"https:\/\/zsms.zabrze.pl\/","logo":{"@type":"ImageObject","inLanguage":"pl-PL","@id":"https:\/\/zsms.zabrze.pl\/#\/schema\/logo\/image\/","url":"https:\/\/zsms.zabrze.pl\/wp-content\/uploads\/2020\/10\/logo600.jpg","contentUrl":"https:\/\/zsms.zabrze.pl\/wp-content\/uploads\/2020\/10\/logo600.jpg","width":600,"height":600,"caption":"Zesp\u00f3\u0142 Szk\u00f3\u0142 Mechaniczno-Samochodowych w Zabrzu"},"image":{"@id":"https:\/\/zsms.zabrze.pl\/#\/schema\/logo\/image\/"},"sameAs":["https:\/\/www.facebook.com\/zsmszabrze\/"]}]}},"_links":{"self":[{"href":"https:\/\/zsms.zabrze.pl\/index.php?rest_route=\/wp\/v2\/pages\/116","targetHints":{"allow":["GET"]}}],"collection":[{"href":"https:\/\/zsms.zabrze.pl\/index.php?rest_route=\/wp\/v2\/pages"}],"about":[{"href":"https:\/\/zsms.zabrze.pl\/index.php?rest_route=\/wp\/v2\/types\/page"}],"author":[{"embeddable":true,"href":"https:\/\/zsms.zabrze.pl\/index.php?rest_route=\/wp\/v2\/users\/3"}],"replies":[{"embeddable":true,"href":"https:\/\/zsms.zabrze.pl\/index.php?rest_route=%2Fwp%2Fv2%2Fcomments&post=116"}],"version-history":[{"count":1,"href":"https:\/\/zsms.zabrze.pl\/index.php?rest_route=\/wp\/v2\/pages\/116\/revisions"}],"predecessor-version":[{"id":117,"href":"https:\/\/zsms.zabrze.pl\/index.php?rest_route=\/wp\/v2\/pages\/116\/revisions\/117"}],"wp:attachment":[{"href":"https:\/\/zsms.zabrze.pl\/index.php?rest_route=%2Fwp%2Fv2%2Fmedia&parent=116"}],"curies":[{"name":"wp","href":"https:\/\/api.w.org\/{rel}","templated":true}]}}