{"id":2407,"date":"2022-01-31T21:21:10","date_gmt":"2022-01-31T20:21:10","guid":{"rendered":"https:\/\/zsms.zabrze.pl\/?page_id=2407"},"modified":"2022-01-31T22:13:08","modified_gmt":"2022-01-31T21:13:08","slug":"placowki-pomocowe-w-zabrzu","status":"publish","type":"page","link":"https:\/\/zsms.zabrze.pl\/?page_id=2407","title":{"rendered":"Plac\u00f3wki pomocowe w Zabrzu"},"content":{"rendered":"\n<p class=\"has-text-align-center has-vivid-cyan-blue-color has-text-color has-large-font-size\"><strong>UZYSKAJ WSPARCIE!<\/strong><\/p>\n\n\n\n<p class=\"has-text-align-center has-vivid-red-color has-text-color has-medium-font-size\"><strong>SKORZYSTAJ Z POMOCY!<\/strong><\/p>\n\n\n\n<div class=\"wp-block-image\"><figure class=\"aligncenter size-full\"><img loading=\"lazy\" decoding=\"async\" width=\"459\" height=\"289\" src=\"https:\/\/zsms.zabrze.pl\/wp-content\/uploads\/2022\/01\/image-1.png\" alt=\"\" class=\"wp-image-2408\" srcset=\"https:\/\/zsms.zabrze.pl\/wp-content\/uploads\/2022\/01\/image-1.png 459w, https:\/\/zsms.zabrze.pl\/wp-content\/uploads\/2022\/01\/image-1-300x189.png 300w\" sizes=\"auto, (max-width: 459px) 100vw, 459px\" \/><\/figure><\/div>\n\n\n\n<hr class=\"wp-block-separator has-text-color has-background has-vivid-cyan-blue-background-color has-vivid-cyan-blue-color is-style-wide\"\/>\n\n\n\n<p class=\"has-text-align-center has-vivid-cyan-blue-color has-text-color has-medium-font-size\"><strong>CENTRUM ROZWOJU RODZINY W ZABRZU<\/strong><\/p>\n\n\n\n<p class=\"has-text-align-center\"><strong>PARK HUTNICZY 8<\/strong><\/p>\n\n\n\n<p class=\"has-text-align-center\"><strong>41-800 Zabrze<\/strong><\/p>\n\n\n\n<p class=\"has-text-align-center\"><strong>tel: 630 32 33<\/strong><\/p>\n\n\n\n<p>Plac\u00f3wka oferuje bezp\u0142atn\u0105 pomoc i porady dla rodzin w kryzysie i &nbsp;prze\u017cywaj\u0105cych problemy ale tak\u017ce szeroki wachlarz zaj\u0119\u0107, spotka\u0144 rozwojowych zwi\u0119kszaj\u0105cych kompetencje rodzicielskie, umiej\u0119tno\u015bci rozwi\u0105zywania konflikt\u00f3w oraz polepszaj\u0105cych komunikacj\u0119 w rodzinie.<\/p>\n\n\n\n<p>Dzia\u0142alno\u015b\u0107 plac\u00f3wki jest skierowana do rodzin prze\u017cywaj\u0105cych trudno\u015bci<\/p>\n\n\n\n<p>oraz chc\u0105cych poszerza\u0107 swoje kompetencje, kt\u00f3re nie s\u0105 obj\u0119te wsparciem MOPR-u.<\/p>\n\n\n\n<div class=\"wp-block-image\"><figure class=\"aligncenter size-full\"><img loading=\"lazy\" decoding=\"async\" width=\"544\" height=\"285\" src=\"https:\/\/zsms.zabrze.pl\/wp-content\/uploads\/2022\/01\/image-2.png\" alt=\"\" class=\"wp-image-2409\" srcset=\"https:\/\/zsms.zabrze.pl\/wp-content\/uploads\/2022\/01\/image-2.png 544w, https:\/\/zsms.zabrze.pl\/wp-content\/uploads\/2022\/01\/image-2-300x157.png 300w, https:\/\/zsms.zabrze.pl\/wp-content\/uploads\/2022\/01\/image-2-390x205.png 390w\" sizes=\"auto, (max-width: 544px) 100vw, 544px\" \/><\/figure><\/div>\n\n\n\n<hr class=\"wp-block-separator has-text-color has-background has-vivid-cyan-blue-background-color has-vivid-cyan-blue-color is-style-wide\"\/>\n\n\n\n<div class=\"wp-block-image\"><figure class=\"aligncenter size-full\"><img loading=\"lazy\" decoding=\"async\" width=\"945\" height=\"233\" src=\"https:\/\/zsms.zabrze.pl\/wp-content\/uploads\/2022\/01\/image-3.png\" alt=\"\" class=\"wp-image-2410\" srcset=\"https:\/\/zsms.zabrze.pl\/wp-content\/uploads\/2022\/01\/image-3.png 945w, https:\/\/zsms.zabrze.pl\/wp-content\/uploads\/2022\/01\/image-3-300x74.png 300w, https:\/\/zsms.zabrze.pl\/wp-content\/uploads\/2022\/01\/image-3-768x189.png 768w\" sizes=\"auto, (max-width: 945px) 100vw, 945px\" \/><\/figure><\/div>\n\n\n\n<p class=\"has-text-align-center has-medium-font-size\"><strong>mie\u015bci si\u0119 w budynku<\/strong> <strong>przy ul 3-go Maja 93a<\/strong><\/p>\n\n\n\n<p class=\"has-text-align-left\"><br>Pomoc w Poradni mog\u0105 uzyska\u0107 wszystkie dzieci do 7-go roku \u017cycia mieszkaj\u0105ce w Zabrzu oraz dzieci starsze i&nbsp;m\u0142odsze, bez wzgl\u0119du na miejsce zamieszkania, je\u017celi s\u0105 uczniami zabrza\u0144skich szk\u00f3\u0142.<br><br>Spotkanie z pracownikiem Poradni nale\u017cy wcze\u015bniej um\u00f3wi\u0107 b\u0105d\u017a telefonicznie (patrz KONTAKT), b\u0105d\u017a osobi\u015bcie w sekretariacie Poradni. Przed przyst\u0105pieniem do badania b\u0105d\u017a konsultacji pracownicy Poradni zobowi\u0105zani s\u0105 uzyska\u0107 pisemn\u0105 zgod\u0119 na badanie obydwojga rodzic\u00f3w. Dok\u0142adniejsze informacje&nbsp; oraz odpowiednie blankiety dost\u0119pne s\u0105 w sekretariacie Poradni. Dziecko nie mo\u017ce by\u0107 przyj\u0119te bez zgody prawnego opiekuna. Zaleca si\u0119 \u017ceby przy pierwszej wizycie w Poradni zabra\u0107 ze sob\u0105 wszystkie dotychczasowe wyniki bada lekarskich (np. wypisy ze szpitala, orzeczenia o niepe\u0142nosprawno\u015bci) lub psychologicznych oraz Ksi\u0105\u017ceczk\u0119 Zdrowia dziecka.<br><br>Poradnia wszystkie us\u0142ugi \u015bwiadczy bezp\u0142atnie.<\/p>\n\n\n\n<p><strong>Poradnia Psychologiczno-Pedagogiczna<br>41-800 Zabrze<br>ul. 3 Maja 93A<br>tel. 32 370-22-40<br>tel. 32 271-19-51<br>tel kom. 883-315-363<\/strong><br><strong>Adres e-mail: sekretariat@pppzabrze.pl<\/strong><\/p>\n\n\n\n<hr class=\"wp-block-separator has-text-color has-background has-vivid-cyan-blue-background-color has-vivid-cyan-blue-color is-style-wide\"\/>\n\n\n\n<p class=\"has-text-align-center has-vivid-cyan-blue-color has-text-color has-medium-font-size\"><strong>O\u015aRODEK PROFILAKTYKI I LECZENIA UZALE\u017bNIE\u0143<\/strong><\/p>\n\n\n\n<div class=\"wp-block-image\"><figure class=\"aligncenter size-full\"><img loading=\"lazy\" decoding=\"async\" width=\"300\" height=\"526\" src=\"https:\/\/zsms.zabrze.pl\/wp-content\/uploads\/2022\/01\/image-4.png\" alt=\"\" class=\"wp-image-2411\" srcset=\"https:\/\/zsms.zabrze.pl\/wp-content\/uploads\/2022\/01\/image-4.png 300w, https:\/\/zsms.zabrze.pl\/wp-content\/uploads\/2022\/01\/image-4-171x300.png 171w\" sizes=\"auto, (max-width: 300px) 100vw, 300px\" \/><\/figure><\/div>\n\n\n\n<div class=\"wp-block-image\"><figure class=\"aligncenter size-full\"><img loading=\"lazy\" decoding=\"async\" width=\"945\" height=\"632\" src=\"https:\/\/zsms.zabrze.pl\/wp-content\/uploads\/2022\/01\/image-5.png\" alt=\"\" class=\"wp-image-2412\" srcset=\"https:\/\/zsms.zabrze.pl\/wp-content\/uploads\/2022\/01\/image-5.png 945w, https:\/\/zsms.zabrze.pl\/wp-content\/uploads\/2022\/01\/image-5-300x201.png 300w, https:\/\/zsms.zabrze.pl\/wp-content\/uploads\/2022\/01\/image-5-768x514.png 768w\" sizes=\"auto, (max-width: 945px) 100vw, 945px\" \/><\/figure><\/div>\n\n\n\n<hr class=\"wp-block-separator has-text-color has-background has-vivid-cyan-blue-background-color has-vivid-cyan-blue-color is-style-wide\"\/>\n\n\n\n<p class=\"has-text-align-center has-vivid-cyan-blue-color has-text-color has-medium-font-size\"><strong>ZESP\u00d3\u0141 INTERWECJI KRYZYSOWEJ W ZABRZU<\/strong><\/p>\n\n\n\n<p>Miejski O\u015brodek Pomocy Rodzinie w&nbsp;Zabrzu udziela wsparcia psychologicznego w&nbsp;<strong>Zespole Interwencji Kryzysowej<\/strong> miesz\u0105cym si\u0119 w&nbsp;budynku przy ulicy <strong>Wyzwolenia 7<\/strong><\/p>\n\n\n\n<p>Wszystkie wizyty odbywaj\u0105 si\u0119 w\u00a0uprzednio ustalonych telefonicznie terminach.<\/p>\n\n\n\n<p>Przez&nbsp;aplikacj\u0119 WhatsApp: 603-607-564 \u2013 w&nbsp;ten spos\u00f3b jest mo\u017cliwe przeprowadzenie po\u0142\u0105czenia wideo.<\/p>\n\n\n\n<p>Telefonicznie: 32 278-56-70&nbsp; lub 32 271-64-32, wewn. 59.<\/p>\n\n\n\n<p>Mailowo: <a href=\"mailto:zik@mopr.zabrze.pl\">zik@mopr.zabrze.pl<\/a><\/p>\n\n\n\n<p>Zdalna pomoc psychologiczna \u015bwiadczona b\u0119dzie w&nbsp;godzinach:<\/p>\n\n\n\n<ul class=\"wp-block-list\"><li>Od&nbsp;poniedzia\u0142ku do&nbsp;czwartku od&nbsp;godziny 7:30 \u2013 19:30<\/li><li>W&nbsp;pi\u0105tek od&nbsp;godziny 7:30 \u2013 15:30.<\/li><\/ul>\n\n\n\n<p><strong>Zasady pomocy<\/strong><\/p>\n\n\n\n<p>Osoby zg\u0142aszaj\u0105ce si\u0119 do&nbsp;Zespo\u0142u otrzymaj\u0105 pomoc psychologiczn\u0105:<\/p>\n\n\n\n<ul class=\"wp-block-list\"><li>bezp\u0142atnie<\/li><li>anonimowo (je\u015bli nie&nbsp;b\u0119d\u0105 chcieli ujawni\u0107 swoich danych osobowych \u2013 w\u00f3wczas nie&nbsp;ma&nbsp;mo\u017cliwo\u015bci konsultacji osobistej a&nbsp;wy\u0142\u0105cznie w&nbsp;formie zdalnej lub telefonicznej)<\/li><li>bez&nbsp;wzgl\u0119du na&nbsp;wiek \u2013 pomagamy zar\u00f3wno doros\u0142ym, jak i&nbsp;dzieciom oraz&nbsp;m\u0142odzie\u017cy<\/li><li>bez&nbsp;wzgl\u0119du na&nbsp;status materialny (nie&nbsp;obowi\u0105zuje kryterium dochodowe)<\/li><\/ul>\n\n\n\n<p>Porad udzielaj\u0105 specjali\u015bci \u2013 pedagodzy i&nbsp;psycholodzy, z&nbsp;do\u015bwiadczeniem psychoterapeutycznym.<\/p>\n\n\n\n<p><br><strong>Pomagamy poprzez<\/strong><\/p>\n\n\n\n<ul class=\"wp-block-list\"><li>interwencj\u0119 kryzysow\u0105 (tak\u017ce w&nbsp;terenie)<\/li><li>pomoc psychologiczn\u0105 i&nbsp;psychoterapi\u0119 indywidualn\u0105, rodzinn\u0105, terapi\u0119 par<\/li><li>psychoedukacj\u0119<\/li><li>poradnictwo psychologiczne i&nbsp;prawne<\/li><li>poradnictwo telefoniczne i&nbsp;mailowe<\/li><li>grupy wsparcia, grupy korekcyjno \u2013 edukacyjne, warsztaty rozwojowe<\/li><\/ul>\n\n\n\n<p><em>Ka\u017cdy cz\u0142owiek a&nbsp;w&nbsp;szczeg\u00f3lno\u015bci mieszkaniec Zabrza, ma&nbsp;mo\u017cliwo\u015b\u0107 skorzystania z&nbsp;pomocy Zespo\u0142u Interwencji Kryzysowej, kiedy wyka\u017ce gotowo\u015b\u0107 przyj\u0119cia takiej pomocy lub zwr\u00f3ci si\u0119 o&nbsp;t\u0119&nbsp;pomoc.<\/em><\/p>\n","protected":false},"excerpt":{"rendered":"<p>UZYSKAJ WSPARCIE! SKORZYSTAJ Z POMOCY! CENTRUM ROZWOJU RODZINY W ZABRZU PARK HUTNICZY 8 41-800 Zabrze tel: 630 32 33 Plac\u00f3wka<\/p>\n","protected":false},"author":3,"featured_media":0,"parent":0,"menu_order":0,"comment_status":"closed","ping_status":"closed","template":"","meta":{"colormag_page_container_layout":"default_layout","colormag_page_sidebar_layout":"default_layout","footnotes":""},"class_list":["post-2407","page","type-page","status-publish","hentry"],"yoast_head":"<!-- This site is optimized with the Yoast SEO plugin v27.2 - https:\/\/yoast.com\/product\/yoast-seo-wordpress\/ -->\n<title>Plac\u00f3wki pomocowe w Zabrzu - Zesp\u00f3\u0142 Szk\u00f3\u0142 Mechaniczno-Samochodowych w Zabrzu<\/title>\n<meta name=\"robots\" content=\"index, follow, max-snippet:-1, max-image-preview:large, max-video-preview:-1\" \/>\n<link rel=\"canonical\" href=\"https:\/\/zsms.zabrze.pl\/?page_id=2407\" \/>\n<meta property=\"og:locale\" content=\"pl_PL\" \/>\n<meta property=\"og:type\" content=\"article\" \/>\n<meta property=\"og:title\" content=\"Plac\u00f3wki pomocowe w Zabrzu - Zesp\u00f3\u0142 Szk\u00f3\u0142 Mechaniczno-Samochodowych w Zabrzu\" \/>\n<meta property=\"og:description\" content=\"UZYSKAJ WSPARCIE! SKORZYSTAJ Z POMOCY! CENTRUM ROZWOJU RODZINY W ZABRZU PARK HUTNICZY 8 41-800 Zabrze tel: 630 32 33 Plac\u00f3wka\" \/>\n<meta property=\"og:url\" content=\"https:\/\/zsms.zabrze.pl\/?page_id=2407\" \/>\n<meta property=\"og:site_name\" content=\"Zesp\u00f3\u0142 Szk\u00f3\u0142 Mechaniczno-Samochodowych w Zabrzu\" \/>\n<meta property=\"article:publisher\" content=\"https:\/\/www.facebook.com\/zsmszabrze\/\" \/>\n<meta property=\"article:modified_time\" content=\"2022-01-31T21:13:08+00:00\" \/>\n<meta property=\"og:image\" content=\"https:\/\/zsms.zabrze.pl\/wp-content\/uploads\/2022\/01\/image-1.png\" \/>\n<meta name=\"twitter:card\" content=\"summary_large_image\" \/>\n<meta name=\"twitter:label1\" content=\"Szacowany czas czytania\" \/>\n\t<meta name=\"twitter:data1\" content=\"4 minuty\" \/>\n<!-- \/ Yoast SEO plugin. -->","yoast_head_json":{"title":"Plac\u00f3wki pomocowe w Zabrzu - Zesp\u00f3\u0142 Szk\u00f3\u0142 Mechaniczno-Samochodowych w Zabrzu","robots":{"index":"index","follow":"follow","max-snippet":"max-snippet:-1","max-image-preview":"max-image-preview:large","max-video-preview":"max-video-preview:-1"},"canonical":"https:\/\/zsms.zabrze.pl\/?page_id=2407","og_locale":"pl_PL","og_type":"article","og_title":"Plac\u00f3wki pomocowe w Zabrzu - Zesp\u00f3\u0142 Szk\u00f3\u0142 Mechaniczno-Samochodowych w Zabrzu","og_description":"UZYSKAJ WSPARCIE! SKORZYSTAJ Z POMOCY! CENTRUM ROZWOJU RODZINY W ZABRZU PARK HUTNICZY 8 41-800 Zabrze tel: 630 32 33 Plac\u00f3wka","og_url":"https:\/\/zsms.zabrze.pl\/?page_id=2407","og_site_name":"Zesp\u00f3\u0142 Szk\u00f3\u0142 Mechaniczno-Samochodowych w Zabrzu","article_publisher":"https:\/\/www.facebook.com\/zsmszabrze\/","article_modified_time":"2022-01-31T21:13:08+00:00","og_image":[{"url":"https:\/\/zsms.zabrze.pl\/wp-content\/uploads\/2022\/01\/image-1.png","type":"","width":"","height":""}],"twitter_card":"summary_large_image","twitter_misc":{"Szacowany czas czytania":"4 minuty"},"schema":{"@context":"https:\/\/schema.org","@graph":[{"@type":"WebPage","@id":"https:\/\/zsms.zabrze.pl\/?page_id=2407","url":"https:\/\/zsms.zabrze.pl\/?page_id=2407","name":"Plac\u00f3wki pomocowe w Zabrzu - Zesp\u00f3\u0142 Szk\u00f3\u0142 Mechaniczno-Samochodowych w Zabrzu","isPartOf":{"@id":"https:\/\/zsms.zabrze.pl\/#website"},"primaryImageOfPage":{"@id":"https:\/\/zsms.zabrze.pl\/?page_id=2407#primaryimage"},"image":{"@id":"https:\/\/zsms.zabrze.pl\/?page_id=2407#primaryimage"},"thumbnailUrl":"https:\/\/zsms.zabrze.pl\/wp-content\/uploads\/2022\/01\/image-1.png","datePublished":"2022-01-31T20:21:10+00:00","dateModified":"2022-01-31T21:13:08+00:00","breadcrumb":{"@id":"https:\/\/zsms.zabrze.pl\/?page_id=2407#breadcrumb"},"inLanguage":"pl-PL","potentialAction":[{"@type":"ReadAction","target":["https:\/\/zsms.zabrze.pl\/?page_id=2407"]}]},{"@type":"ImageObject","inLanguage":"pl-PL","@id":"https:\/\/zsms.zabrze.pl\/?page_id=2407#primaryimage","url":"https:\/\/zsms.zabrze.pl\/wp-content\/uploads\/2022\/01\/image-1.png","contentUrl":"https:\/\/zsms.zabrze.pl\/wp-content\/uploads\/2022\/01\/image-1.png","width":459,"height":289},{"@type":"BreadcrumbList","@id":"https:\/\/zsms.zabrze.pl\/?page_id=2407#breadcrumb","itemListElement":[{"@type":"ListItem","position":1,"name":"Strona g\u0142\u00f3wna","item":"https:\/\/zsms.zabrze.pl\/"},{"@type":"ListItem","position":2,"name":"Plac\u00f3wki pomocowe w Zabrzu"}]},{"@type":"WebSite","@id":"https:\/\/zsms.zabrze.pl\/#website","url":"https:\/\/zsms.zabrze.pl\/","name":"Zesp\u00f3\u0142 Szk\u00f3\u0142 Mechaniczno-Samochodowych w Zabrzu","description":"","publisher":{"@id":"https:\/\/zsms.zabrze.pl\/#organization"},"potentialAction":[{"@type":"SearchAction","target":{"@type":"EntryPoint","urlTemplate":"https:\/\/zsms.zabrze.pl\/?s={search_term_string}"},"query-input":{"@type":"PropertyValueSpecification","valueRequired":true,"valueName":"search_term_string"}}],"inLanguage":"pl-PL"},{"@type":"Organization","@id":"https:\/\/zsms.zabrze.pl\/#organization","name":"Zesp\u00f3\u0142 Szk\u00f3\u0142 Mechaniczno-Samochodowych w Zabrzu","url":"https:\/\/zsms.zabrze.pl\/","logo":{"@type":"ImageObject","inLanguage":"pl-PL","@id":"https:\/\/zsms.zabrze.pl\/#\/schema\/logo\/image\/","url":"https:\/\/zsms.zabrze.pl\/wp-content\/uploads\/2020\/10\/logo600.jpg","contentUrl":"https:\/\/zsms.zabrze.pl\/wp-content\/uploads\/2020\/10\/logo600.jpg","width":600,"height":600,"caption":"Zesp\u00f3\u0142 Szk\u00f3\u0142 Mechaniczno-Samochodowych w Zabrzu"},"image":{"@id":"https:\/\/zsms.zabrze.pl\/#\/schema\/logo\/image\/"},"sameAs":["https:\/\/www.facebook.com\/zsmszabrze\/"]}]}},"_links":{"self":[{"href":"https:\/\/zsms.zabrze.pl\/index.php?rest_route=\/wp\/v2\/pages\/2407","targetHints":{"allow":["GET"]}}],"collection":[{"href":"https:\/\/zsms.zabrze.pl\/index.php?rest_route=\/wp\/v2\/pages"}],"about":[{"href":"https:\/\/zsms.zabrze.pl\/index.php?rest_route=\/wp\/v2\/types\/page"}],"author":[{"embeddable":true,"href":"https:\/\/zsms.zabrze.pl\/index.php?rest_route=\/wp\/v2\/users\/3"}],"replies":[{"embeddable":true,"href":"https:\/\/zsms.zabrze.pl\/index.php?rest_route=%2Fwp%2Fv2%2Fcomments&post=2407"}],"version-history":[{"count":8,"href":"https:\/\/zsms.zabrze.pl\/index.php?rest_route=\/wp\/v2\/pages\/2407\/revisions"}],"predecessor-version":[{"id":2424,"href":"https:\/\/zsms.zabrze.pl\/index.php?rest_route=\/wp\/v2\/pages\/2407\/revisions\/2424"}],"wp:attachment":[{"href":"https:\/\/zsms.zabrze.pl\/index.php?rest_route=%2Fwp%2Fv2%2Fmedia&parent=2407"}],"curies":[{"name":"wp","href":"https:\/\/api.w.org\/{rel}","templated":true}]}}